{"id":1279,"date":"2023-09-28T14:40:11","date_gmt":"2023-09-28T12:40:11","guid":{"rendered":"https:\/\/www.camping-eleovic.com\/alentours\/guerande-mittelalterliche-stadt-camping-eleovic-pornic\/"},"modified":"2024-11-28T12:08:35","modified_gmt":"2024-11-28T11:08:35","slug":"guerande-mittelalterliche-stadt-camping-eleovic-pornic","status":"publish","type":"alentours","link":"https:\/\/www.camping-eleovic.com\/de\/alentours\/guerande-mittelalterliche-stadt-camping-eleovic-pornic\/","title":{"rendered":"Gu\u00e9rande: Mittelalterliche Stadt"},"content":{"rendered":"\n<div class=\"is-layout-constrained wp-block-group\">\n<p><strong>Gu\u00e9rande<\/strong> liegt eingebettet zwischen Land und Meer in der Region Pays de la Loire und ist eine Stadt der Kunst und Geschichte. Diese befestigte Stadt ist nicht nur f\u00fcr ihre Salzg\u00e4rten bekannt, sondern auch f\u00fcr ihre mittelalterliche Altstadt, die einen au\u00dfergew\u00f6hnlichen historischen Ort in der Loire-Atlantique darstellt. Errichtet zur Zeit der Herz\u00f6ge der Bretagne, bewahrt die mittelalterliche Stadt Gu\u00e9rande noch vollst\u00e4ndig ihre alten Stadtmauern und ist eine unverzichtbare Sehensw\u00fcrdigkeit w\u00e4hrend eines Aufenthalts. Bei einem <a href=\"https:\/\/www.camping-eleovic.com\/de\/camping-guerande\/\">Campingurlaub nur 45 Minuten von Gu\u00e9rande<\/a> entfernt k\u00f6nnen Sie die Geschichte und die touristischen Highlights dieser bemerkenswerten Stadt entdecken.<\/p>\n\n\n\n<h2>Was kann man in der mittelalterlichen Stadt Gu\u00e9rande besichtigen?<\/h2>\n\n\n\n<p>Ein Besuch in der ber\u00fchmten mittelalterlichen Stadt Gu\u00e9rande reimt sich zwangsl\u00e4ufig auf fesselnde Entdeckungen eines au\u00dfergew\u00f6hnlichen kulturellen und architektonischen Erbes.<\/p>\n\n\n\n<ul>\n<li>Angefangen bei den 1300 m langen Stadtmauern, an denen Sie entlanglaufen und aufsteigen k\u00f6nnen, um die befestigte Stadt zu bewundern.<\/li>\n\n\n\n<li>Die Stadtmauer f\u00fchrt zur Porte Saint-Michel, die als Haupteingang zur befestigten Stadtmauer von Gu\u00e9rande dient. Ihr architektonischer Stil verr\u00e4t viel \u00fcber die Macht und den Einfluss dieser Stadt im Mittelalter.<\/li>\n\n\n\n<li>Dar\u00fcber hinaus k\u00f6nnen Sie das Museum, das Schloss Careil und andere mittelalterliche Behausungen in diesem geschichtstr\u00e4chtigen Ort besichtigen.<\/li>\n<\/ul>\n\n\n\n<h2>Geschichte der mittelalterlichen Stadt<\/h2>\n\n\n\n<p><strong>Gu\u00e9rande<\/strong>, die ehemalige Lieblingsstadt der Herz\u00f6ge der Bretagne, diente seit der Jungsteinzeit als Siedlung, was sich an den zahlreichen Megalithen und den noch sichtbaren Spuren aus der gallischen und gallo-r\u00f6mischen Zeit ablesen l\u00e4sst. Sp\u00e4ter diente die Stadt im Jahr 848 vor\u00fcbergehend als Bischofssitz, bevor sie w\u00e4hrend der Herrschaft von Nomino\u00eb ein Kanoniker-Kollegium erhielt. Erst nach dem Jahr 1000 entstehen die ersten Stadtmauern und Verwaltungsorganisationen.<\/p>\n\n\n\n<p>Im Jahr 1342 stie\u00dfen die einstmals errichteten ersten Stadtmauern jedoch an ihre Grenzen, um die Armeen von Charles de Blois und Jean de Montfort aufzuhalten, die den Thron der Bretagne begehrten. Mit der Unterzeichnung der Vertr\u00e4ge von 1365 und 1381 wurde der Erbfolgekrieg jedoch beendet und die Stadt Gu\u00e9rande trat mit der Errichtung einer neuen Stadtmauer in ihr <strong>&#8222;goldenes Zeitalter&#8220;<\/strong> ein.<\/p>\n\n\n\n<p>Mit dem <strong>Salz- und Weinhandel<\/strong> erlebte die befestigte Stadt eine echte Entwicklung und r\u00fcstete sich so mit einer beachtlichen Seeflotte aus. Sp\u00e4ter, zu Beginn des 16. Jahrhunderts, f\u00fchrte die Verschlammung des Hafens und der Einbruch des Salzhandels dazu, dass die Stadt ihre Seemacht gegen\u00fcber den umliegenden St\u00e4dten Croisic und Pouliguen verlor.<\/p>\n\n\n\n<p>Dank des Tourismus erlebte <a href=\"https:\/\/de.labaule-guerande.com\/?origine=switchLangue\" target=\"_blank\" rel=\"noreferrer noopener\">die Stadt Gu\u00e9rande<\/a> eine Wiederbelebung, obwohl sie w\u00e4hrend der Revolution vor\u00fcbergehend geschw\u00e4cht wurde, als der Weinbau verschwand und das Kollegium geschlossen wurde.<\/p>\n<\/div>\n","protected":false},"template":"","meta":[],"acf":[],"_links":{"self":[{"href":"https:\/\/www.camping-eleovic.com\/de\/wp-json\/wp\/v2\/alentours\/1279"}],"collection":[{"href":"https:\/\/www.camping-eleovic.com\/de\/wp-json\/wp\/v2\/alentours"}],"about":[{"href":"https:\/\/www.camping-eleovic.com\/de\/wp-json\/wp\/v2\/types\/alentours"}],"wp:attachment":[{"href":"https:\/\/www.camping-eleovic.com\/de\/wp-json\/wp\/v2\/media?parent=1279"}],"curies":[{"name":"wp","href":"https:\/\/api.w.org\/{rel}","templated":true}]}}

Guérande: Mittelalterliche Stadt

<div class="is-layout-constrained wp-block-group">
<p><strong>Guérande</strong> liegt eingebettet zwischen Land und Meer in der Region Pays de la Loire und ist eine Stadt der Kunst und Geschichte. Diese befestigte Stadt ist nicht nur für ihre Salzgärten bekannt, sondern auch für ihre mittelalterliche Altstadt, die einen außergewöhnlichen historischen Ort in der Loire-Atlantique darstellt. Errichtet zur Zeit der Herzöge der Bretagne, bewahrt die mittelalterliche Stadt Guérande noch vollständig ihre alten Stadtmauern und ist eine unverzichtbare Sehenswürdigkeit während eines Aufenthalts. Bei einem <a href="https://www.camping-eleovic.com/de/camping-guerande/">Campingurlaub nur 45 Minuten von Guérande</a> entfernt können Sie die Geschichte und die touristischen Highlights dieser bemerkenswerten Stadt entdecken.</p>



<h2>Was kann man in der mittelalterlichen Stadt Guérande besichtigen?</h2>



<p>Ein Besuch in der berühmten mittelalterlichen Stadt Guérande reimt sich zwangsläufig auf fesselnde Entdeckungen eines außergewöhnlichen kulturellen und architektonischen Erbes.</p>



<ul>
<li>Angefangen bei den 1300 m langen Stadtmauern, an denen Sie entlanglaufen und aufsteigen können, um die befestigte Stadt zu bewundern.</li>



<li>Die Stadtmauer führt zur Porte Saint-Michel, die als Haupteingang zur befestigten Stadtmauer von Guérande dient. Ihr architektonischer Stil verrät viel über die Macht und den Einfluss dieser Stadt im Mittelalter.</li>



<li>Darüber hinaus können Sie das Museum, das Schloss Careil und andere mittelalterliche Behausungen in diesem geschichtsträchtigen Ort besichtigen.</li>
</ul>



<h2>Geschichte der mittelalterlichen Stadt</h2>



<p><strong>Guérande</strong>, die ehemalige Lieblingsstadt der Herzöge der Bretagne, diente seit der Jungsteinzeit als Siedlung, was sich an den zahlreichen Megalithen und den noch sichtbaren Spuren aus der gallischen und gallo-römischen Zeit ablesen lässt. Später diente die Stadt im Jahr 848 vorübergehend als Bischofssitz, bevor sie während der Herrschaft von Nominoë ein Kanoniker-Kollegium erhielt. Erst nach dem Jahr 1000 entstehen die ersten Stadtmauern und Verwaltungsorganisationen.</p>



<p>Im Jahr 1342 stießen die einstmals errichteten ersten Stadtmauern jedoch an ihre Grenzen, um die Armeen von Charles de Blois und Jean de Montfort aufzuhalten, die den Thron der Bretagne begehrten. Mit der Unterzeichnung der Verträge von 1365 und 1381 wurde der Erbfolgekrieg jedoch beendet und die Stadt Guérande trat mit der Errichtung einer neuen Stadtmauer in ihr <strong>&#8222;goldenes Zeitalter&#8220;</strong> ein.</p>



<p>Mit dem <strong>Salz- und Weinhandel</strong> erlebte die befestigte Stadt eine echte Entwicklung und rüstete sich so mit einer beachtlichen Seeflotte aus. Später, zu Beginn des 16. Jahrhunderts, führte die Verschlammung des Hafens und der Einbruch des Salzhandels dazu, dass die Stadt ihre Seemacht gegenüber den umliegenden Städten Croisic und Pouliguen verlor.</p>



<p>Dank des Tourismus erlebte <a href="https://de.labaule-guerande.com/?origine=switchLangue" target="_blank" rel="noreferrer noopener">die Stadt Guérande</a> eine Wiederbelebung, obwohl sie während der Revolution vorübergehend geschwächt wurde, als der Weinbau verschwand und das Kollegium geschlossen wurde.</p>
</div>
